
False
Is 2711970 a multiple of 90?
True
Is 20 a factor of 11081350?
False
Does 563 divide 172841?
True
Does 5 divide 2588295?
True
Is 57457 a multiple of 60?
False
Does 24 divide 286728?
True
Is 18 a factor of 325115?
False
Is 9317 a multiple of 35?
False
Does 27 divide 39582?
True
Is 10 a factor of 64026?
False
Is 469940 even?
True
Does 120 divide 1896960?
True
Does 9 divide 31692?
False
Does 224 divide 542304?
True
Does 16 divide 1857428?
False
Is 1138368 a multiple of 843?
False
Is 375 a factor of 289875?
True
Is 22 a factor of 244788?
False
Is 136850 a multiple of 350?
True
Is 117 a factor of 3371470?
False
Is 3 a factor of 6549?
True
Is 6731414 a multiple of 1220?
False
Is 344190 a multiple of 109?
False
Does 11 divide 57002?
True
Is 2337632 a multiple of 293?
False
Is 296563 a multiple of 103?
False
Does 20 divide 357565?
False
Is 1691676 a multiple of 1232?
False
Is 37065 a multiple of 91?
False
Is 18 a factor of 684208?
False
Is 53190 a multiple of 127?
False
Is 466 a factor of 4711260?
True
Is 20 a factor of 65460?
True
Is 9 a factor of 5124672?
True
Is 248820 a multiple of 286?
True
Does 7 divide 10097584?
True
Does 42 divide 431815?
False
Is 368885 a multiple of 95?
True
Is 919194 a multiple of 717?
True
Is 9 a factor of 2859336?
True
Does 56 divide 13888?
True
Is 445 a factor of 4145930?
False
Does 193 divide 430164?
False
Does 6 divide 9804?
True
Is 76 a factor of 1392852?
True
Is 138760 a multiple of 10?
True
Does 113 divide 16611?
True
Is 277984 a multiple of 28?
True
Is 59 a factor of 2410386?
True
Is 55 a factor of 2596833?
False
Is 28 a factor of 116886?
False
Is 6687142 a multiple of 1903?
True
Is 70 a factor of 1355060?
True
Does 685 divide 1316216?
False
Does 7 divide 206528?
True
Is 113 a factor of 1378374?
True
Does 243 divide 4284819?
True
Is 17640 a multiple of 280?
True
Does 29 divide 160776?
True
Does 432 divide 133920?
True
Is 809 a factor of 806623?
False
Does 19 divide 5275711?
True
Is 7 a factor of 72309?
False
Is 302 a factor of 79040?
False
Does 50 divide 1802575?
False
Is 106001 a multiple of 19?
True
Is 299851 a multiple of 24?
False
Does 133 divide 7579271?
True
Is 41905 a multiple of 493?
True
Is 159558 a multiple of 174?
True
Is 6437912 a multiple of 1202?
True
Is 973222 a multiple of 17?
False
Is 14213 a multiple of 12?
False
Does 27 divide 355239?
True
Is 110 a factor of 56430?
True
Is 2249126 a multiple of 662?
False
Is 34 a factor of 656132?
True
Is 78192 a multiple of 72?
True
Does 12 divide 2656?
False
Is 536 a factor of 2624002?
False
Is 19 a factor of 28669?
False
Is 217 a factor of 2549569?
False
Is 44 a factor of 184437?
False
Is 252170 a multiple of 755?
True
Is 2688630 a multiple of 147?
True
Does 355 divide 1604245?
True
Does 160 divide 158880?
True
Is 5 a factor of 2555140?
True
Does 13 divide 9053?
False
Does 22 divide 2681429?
False
Is 246 a factor of 408844?
False
Is 1989387 a multiple of 9?
True
Does 119 divide 2982029?
False
Is 19 a factor of 81074?
False
Does 385 divide 103950?
True
Is 25308240 a multiple of 340?
True
Is 11795784 a multiple of 28?
True
Does 16 divide 1388903?
False
Is 2366367 a multiple of 24?
False
Is 121 a factor of 11537108?
True
Does 20 divide 4659330?
False
Does 12 divide 6563164?
False
Does 20 divide 146711?
False
Does 12 divide 289054?
False
Is 14164967 a multiple of 6?
False
Is 3159674 a multiple of 269?
True
Is 569 a factor of 10775153?
True
Is 49 a factor of 337659?
True
Does 43 divide 91074?
True
Is 2683639 a multiple of 156?
False
Does 29 divide 95685?
False
Does 45 divide 379350?
True
Is 44 a factor of 2173688?
True
Is 318095 a multiple of 394?
False
Is 121 a factor of 439472?
True
Is 263241 a multiple of 33?
True
Does 91 divide 25753?
True
Does 5 divide 29139?
False
Is 2515 even?
False
Does 582 divide 3673002?
True
Does 42 divide 71190?
True
Is 6 a factor of 15878?
False
Is 73967 a multiple of 84?
False
Is 575128 a multiple of 268?
True
Is 2 a factor of 1053106?
True
Is 77 a factor of 12194675?
False
Does 1054 divide 1242666?
True
Does 239 divide 357544?
True
Does 78 divide 287274?
True
Is 33 a factor of 50986?
False
Is 23 a factor of 9111?
False
Does 178 divide 1879068?
False
Does 64 divide 2223849?
False
Does 31 divide 1283462?
True
Does 38 divide 27292556?
False
Does 367 divide 507194?
True
Does 3 divide 1494525?
True
Is 372130 a multiple of 11?
True
Does 337 divide 204056?
False
Does 32 divide 12957835?
False
Does 9 divide 2622467?
False
Is 721926 a multiple of 4?
False
Is 65 a factor of 751342?
False
Does 8 divide 194808?
True
Is 70 a factor of 9538785?
False
Does 10 divide 199347?
False
Does 572 divide 2630628?
True
Is 324638 a multiple of 53?
False
Is 87376 a multiple of 64?
False
Is 1968239 a multiple of 601?
False
Is 7 a factor of 38105?
False
Is 13 a factor of 312949?
True
Is 3156700 a multiple of 655?
False
Does 50 divide 82119?
False
Is 8 a factor of 71128?
True
Is 8 a factor of 1167744?
True
Does 474 divide 3807642?
True
Does 71 divide 3452345?
False
Is 4196327 a multiple of 1549?
False
Is 258115 a multiple of 247?
True
Is 57753 a multiple of 31?
True
Does 110 divide 984500?
True
Is 2 a factor of 15971?
False
Is 1218999 a multiple of 97?
True
Is 849394 a multiple of 26?
True
Does 6 divide 76256?
False
Does 23 divide 1840?
True
Does 41 divide 182433?
False
Is 39 a factor of 78897?
True
Is 16653156 a multiple of 78?
True
Is 1113840 a multiple of 70?
True
Is 9 a factor of 1333504?
False
Does 17 divide 1680790?
True
Is 13 a factor of 8501740?
True
Does 369 divide 261621?
True
Is 721840 a multiple of 56?
True
Is 30 a factor of 8125?
False
Is 14 a factor of 2697906?
False
Is 1096938 a multiple of 47?
False
Is 11 a factor of 210231?
False
Is 64048 a multiple of 4?
True
Is 21273 a multiple of 2?
False
Is 8086151 a multiple of 34?
False
Does 5 divide 966491?
False
Is 11788671 a multiple of 19?
False
Is 5489234 a multiple of 37?
False
Does 13 divide 464633?
True
Is 365 a factor of 33945?
True
Is 21465512 a multiple of 668?
True
Is 18 a factor of 54846?
True
Is 4238402 a multiple of 709?
True
Is 157380 a multiple of 61?
True
Is 295236 a multiple of 12?
True
Is 249479 a multiple of 17?
False
Does 417 divide 649599?
False
Is 63475 a multiple of 64?
False
Does 4 divide 162323?
False
Is 304580 a multiple of 97?
True
Is 1441600 a multiple of 170?
True
Is 34181 a multiple of 151?
False
Is 312266 a multiple of 43?
True
Is 220 a factor of 46887?
False
Is 4 a factor of 6548?
True
Is 67 a factor of 368098?
True
Is 186 a factor of 1659120?
True
Is 1059735 a multiple of 93?
True
Is 13 a factor of 477516?
True
Is 86205 a multiple of 35?
True
Is 24041460 a multiple of 30?
True
Is 1686060 a multiple of 342?
True
Does 260 divide 1285180?
True
Does 4 divide 1385?
False
Does 121 divide 1036849?
True
Does 103 divide 73748?
True
Is 403 a factor of 2576258?
False
Is 4692 a multiple of 2?
True
Is 2938740 a multiple of 210?
True
Is 512510 a multiple of 53?
True
Is 309000 a multiple of 20?
True
Is 63 a factor of 26383?
False
Does 19 divide 72770?
True
Does 6 divide 318192?
True
Does 12 divide 138888?
True
Does 35 divide 389060?
True
Is 2906777 a multiple of 1013?
False
Does 13 divide 3650790?
True
Does 64 divide 32980?
False
Does 131 divide 10423559?
False
Does 6 divide 112680?
True
Is 610 a factor of 2013610?
True
Is 149 a factor of 405876?
True
Is 2 a factor of 27232?
True
Does 182 divide 13763?
False
Is 109 a factor of 552703?
False
Is 225336 a multiple of 11?
False
Is 408 a factor of 190316?
False
Is 553990 a multiple of 10?
True
Does 105 divide 192614?
False
Does 8 divide 220376?
True
Is 12299552 a multiple of 112?
False
Is 1366993 a multiple of 19?
True
Is 20 a factor of 46960?
True
Does 235 divide 381700?
False
Is 451 a factor of 1435984?
True
Does 31 divide 7698320?
False
Is 24 a factor of 386600?
False
Does 767 divide 2886988?
True
Does 439 divide 29565?
False
Is 7 a factor of 4095742?
True
Is 22 a factor of 335974?
False
Does 70 divide 275415?
False
Does 21 divide 1270110?
False
Is 102464 a multiple of 26?
False
Is 21658593 a multiple of 53?
False
Is 755293 a multiple of 13?
False
Is 20 a factor of 13974000?
True
Is 248857 a multiple of 115?
False
Does 767 divide 24578?
False
Does 10 divide 733810?
True
Is 18 a factor of 5622205?
False
Is 3673156 a multiple of 1